{"id":910,"date":"2019-08-30T15:32:42","date_gmt":"2019-08-30T13:32:42","guid":{"rendered":"https:\/\/batuvodkazevrope.cz\/?page_id=910"},"modified":"2019-08-30T15:45:32","modified_gmt":"2019-08-30T13:45:32","slug":"registrace-doprovodny-program-koucovaci-zony","status":"publish","type":"page","link":"https:\/\/batuvodkazevrope.cz\/index.php\/registrace-doprovodny-program-koucovaci-zony\/","title":{"rendered":"Registrace &#8211; Kou\u010dovac\u00ed z\u00f3ny"},"content":{"rendered":"<p><iframe id=\"sagendaFrame\" style=\"width: 100%;\" src=\"https:\/\/sagenda.net\/Frontend\/Calendar\/5d68fcf9cc7ba5262055379c\" height=\"2050\" frameborder=\"0\" scrolling=\"no\" sandbox=\"allow-popups allow-popups-to-escape-sandbox allow-same-origin allow-top-navigation allow-scripts allow-forms\"><\/iframe><script>window.addEventListener(\"message\", receiveMessage, false);function receiveMessage(event){if(event.data===\"month\"){document.getElementById(\"sagendaFrame\").height = \"1100\";}else{document.getElementById(\"sagendaFrame\").height = \"2050\";}}<\/script><\/p>\n","protected":false},"excerpt":{"rendered":"","protected":false},"author":1,"featured_media":0,"parent":0,"menu_order":0,"comment_status":"closed","ping_status":"closed","template":"template-fullwidth.php","meta":{"_exactmetrics_skip_tracking":false,"_exactmetrics_sitenote_active":false,"_exactmetrics_sitenote_note":"","_exactmetrics_sitenote_category":0,"ngg_post_thumbnail":0,"footnotes":""},"_links":{"self":[{"href":"https:\/\/batuvodkazevrope.cz\/index.php\/wp-json\/wp\/v2\/pages\/910"}],"collection":[{"href":"https:\/\/batuvodkazevrope.cz\/index.php\/wp-json\/wp\/v2\/pages"}],"about":[{"href":"https:\/\/batuvodkazevrope.cz\/index.php\/wp-json\/wp\/v2\/types\/page"}],"author":[{"embeddable":true,"href":"https:\/\/batuvodkazevrope.cz\/index.php\/wp-json\/wp\/v2\/users\/1"}],"replies":[{"embeddable":true,"href":"https:\/\/batuvodkazevrope.cz\/index.php\/wp-json\/wp\/v2\/comments?post=910"}],"version-history":[{"count":3,"href":"https:\/\/batuvodkazevrope.cz\/index.php\/wp-json\/wp\/v2\/pages\/910\/revisions"}],"predecessor-version":[{"id":913,"href":"https:\/\/batuvodkazevrope.cz\/index.php\/wp-json\/wp\/v2\/pages\/910\/revisions\/913"}],"wp:attachment":[{"href":"https:\/\/batuvodkazevrope.cz\/index.php\/wp-json\/wp\/v2\/media?parent=910"}],"curies":[{"name":"wp","href":"https:\/\/api.w.org\/{rel}","templated":true}]}}